base 5?
31421402
Convert 223022103 (base 4) to base 8.
531223
-3ba84 (base 15) to base 9
-321457
What is 154444230 (base 7) in base 12?
35b0863
311023010222 (base 4) to base 14
1bcbb3c
-12403 (base 6) to base 13
-b13
Convert cfb (base 16) to base 3.
11120002
Convert -158320 (base 9) to base 3.
-11222100200
-a4a8 (base 14) to base 16
-6ed4
aaa3 (base 13) to base 9
35566
What is 20114314 (base 6) in base 5?
121214201
-221849 (base 10) to base 16
-36299
What is -2678763 (base 10) in base 16?
-28dfeb
What is 21222210220202 (base 3) in base 14?
7c807c
Convert -17bc20c (base 13) to base 10.
-7766745
Convert 15371324 (base 8) to base 15.
49c89c
Convert -259575b (base 14) to base 10.
-18109109
Convert 440072 (base 9) to base 7.
2142215
Convert 122b595 (base 12) to base 11.
2001422
121220000 (base 4) to base 12
508a8
What is -23c458c (base 13) in base 15?
-e99c1d
Convert 2322131221 (base 5) to base 9.
10823166
What is -1000000110000010010 (base 2) in base 11?
-171302
Convert 666441 (base 8) to base 16.
36d21
Convert -1c9890 (base 14) to base 3.
-1221002022121
-222133351 (base 6) to base 12
-1421257
Convert -201214414 (base 5) to base 12.
-32959b
Convert 998194 (base 11) to base 16.
184b24
What is 1733036 (base 8) in base 4?
1323120132
What is 22010002110211 (base 3) in base 6?
232232421
What is -284322 (base 11) in base 4?
-1230220031
Convert -333351532 (base 6) to base 13.
-133a300
What is -63558 (base 13) in base 15?
-38000
What is 12107 (base 14) in base 3?
2020111121
Convert -101110001001001110001 (base 2) to base 4.
-11301021301
Convert 42003204 (base 7) to base 4.
31131331221
Convert -9691 (base 15) to base 10.
-31861
What is 342102230 (base 5) in base 3?
2212011202200
What is dca660 (base 15) in base 11?
5a31826
What is 1010011100110101 (base 2) in base 6?
530101
Convert -21112022202210 (base 3) to base 4.
-33101003322
What is 554562 (base 8) in base 11?
118332
What is 2120220121 (base 3) in base 11?
35322
What is -12587 (base 14) in base 4?
-22333023
Convert -12e81 (base 16) to base 2.
-10010111010000001
What is -913db (base 15) in base 11?
-294574
11211102220102 (base 3) to base 9
4742812
Convert -100004440 (base 6) to base 5.
-412240043
What is -1012002031 (base 4) in base 13?
-a0753
What is 105740 (base 9) in base 12?
30769
Convert -10000001010110100 (base 2) to base 15.
-14953
Convert -22885a (base 12) to base 10.
-554182
-2550532 (base 6) to base 8
-417170
53154 (base 15) to base 6
5352054
Convert -1614614 (base 8) to base 10.
-465292
-62011304 (base 7) to base 3
-100202010212112
Convert 12e9 (base 16) to base 13.
2285
What is -7877078 (base 9) in base 4?
-100030001330
What is 1111111101000000 (base 2) in base 5?
4042334
77034b (base 12) to base 6
104242135
540266 (base 7) to base 11
6450a
What is -203222321131 (base 4) in base 12?
-316b391
Convert 1536a87 (base 11) to base 8.
12020616
Convert 203125 (base 14) to base 9.
2032105
What is 312768 (base 9) in base 10?
185795
What is 1352243 (base 8) in base 5?
44211430
-11101101101000100011 (base 2) to base 16
-eda23
Convert 1175310 (base 8) to base 5.
40420334
Convert -a20577 (base 13) to base 15.
-4e74ea
What is -91085 (base 13) in base 5?
-31244410
Convert -3111031322 (base 5) to base 6.
-344002513
Convert -60031465 (base 8) to base 16.
-c03335
What is 3d5 (base 16) in base 14?
501
-607624 (base 8) to base 12
-98104
Convert 1901665 (base 11) to base 3.
20001202022212
66540653 (base 7) to base 2
10101111001101001000011
What is -10004403234 (base 5) in base 14?
-1442577
What is -12312331120 (base 4) in base 6?
-102311544
Convert -120212100201 (base 3) to base 10.
-312274
-15102247 (base 8) to base 7
-41153331
50c07 (base 15) to base 14
6933a
What is 61160025 (base 7) in base 6?
301033243
What is 5a169 (base 11) in base 6?
1505235
6306216 (base 7) to base 9
1375400
164415 (base 11) to base 7
2110425
What is 2894b (base 15) in base 13?
47438
Convert 233370 (base 8) to base 4.
103123320
Convert 4537653 (base 8) to base 11.
76a174
-26290 (base 11) to base 10
-37609
What is -4be36 (base 15) in base 2?
-111011010010001010
11132303 (base 5) to base 15
1e553
Convert -1251033 (base 7) to base 11.
-101a3a
-220222212 (base 3) to base 11
-12765
5ab2a (base 13) to base 16
28b0e
Convert -2120d (base 16) to base 5.
-13320233
What is 605140 (base 7) in base 10?
102634
-11120202121110 (base 3) to base 10
-2436033
54307 (base 13) to base 14
3d60b
What is -8a072 (base 11) in base 7?
-1052342
What is 1102022331 (base 4) in base 13?
ba273
64261325 (base 7) to base 14
a21d15
-1392449 (base 11) to base 3
-11111102000202
What is -613062 (base 7) in base 16?
-1977c
What is 8978 (base 10) in base 14?
33b4
What is -25833052 (base 9) in base 8?
-60406614
What is -331c3 (base 15) in base 3?
-22020210010
15d32d (base 14) to base 16
bb0fd
Convert -32a52 (base 15) to base 11.
-aaa20
Convert b779 (base 14) to base 11.
21875
What is 1111010111010010001 (base 2) in base 8?
1727221
-48187 (base 14) to base 6
-3434255
What is 103243440 (base 5) in base 11?
285712
47933 (base 12) to base 15
1d850
Convert -792018 (base 12) to base 15.
-28264e
Convert 128bbb1 (base 14) to base 11.
505a575
What is 3346 (base 15) in base 9?
15813
Convert 11012332032 (base 4) to base 6.
44412210
-1110100200 (base 3) to base 14
-a656
What is -2092cb (base 15) in base 2?
-101111010010111000110
31462626 (base 7) to base 9
5020720
Convert -1089658 (base 10) to base 11.
-684749
What is -21301130 (base 4) in base 14?
-10832
-134885 (base 10) to base 13
-4951a
12022120101 (base 3) to base 7
614065
-196213 (base 10) to base 12
-95671
Convert -34423 (base 5) to base 3.
-10102011
-100000110011010011101 (base 2) to base 7
-12064442
Convert 3543401 (base 7) to base 4.
1231111010
Convert -304800 (base 10) to base 4.
-1022122200
Convert -3201266 (base 8) to base 4.
-3100022312
-13372 (base 11) to base 7
-106421
Convert 205613 (base 15) to base 5.
343140433
What is -587a85 (base 12) in base 14?
-290b9b
Convert -8d63b1 (base 14) to base 7.
-55651111
26324422 (base 7) to base 4
21030110323
Convert -109a0b4 (base 12) to base 7.
-36054235
128736 (base 14) to base 9
1172180
What is 24411510 (base 6) in base 3?
1110120222220
What is -353437 (base 9) in base 12?
-a2b81
Convert -122010022011 (base 3) to base 15.
-69ccd
What is 30ea91 (base 15) in base 2?
1000111000010011010001
11001022112210 (base 3) to base 11
123a651
Convert -112021202333 (base 4) to base 2.
-10110001001100010111111
Convert 300110211 (base 4) to base 14.
521b7
What is 359425 (base 10) in base 4?
1113300001
Convert -433011324 (base 5) to base 4.
-13002111231
-11216650 (base 9) to base 8
-24610606
What is -15369 (base 13) in base 3?
-2001001200
What is -10101100111101111001010 (base 2) in base 9?
-11587660
What is -202001311221 (base 4) in base 6?
-515110133
What is 3566703 (base 8) in base 2?
11101110110111000011
What is 135520202 (base 6) in base 2?
1010101010001100001010
-5013303 (base 6) to base 14
-61a99
-133301410 (base 5) to base 15
-d6dc0
What is d8c73b (base 15) in base 12?
3557792
32000002 (base 4) to base 16
e002
100101010111100100 (base 2) to base 9
252856
What is b8605 (base 14) in base 8?
1546415
Convert -4074295 (base 10) to base 8.
-17425467
What is 150503 (base 12) in base 5?
42300420
Convert 15318 (base 9) to base 11.
7955
Convert -10608a (base 11) to base 16.
-294af
What is 8adb (base 15) in base 16?
7310
-325b2 (base 14) to base 4
-131300100
What is 417b30 (base 13) in base 5?
342443020
Convert 1765201 (base 8) to base 2.
1111110101010000001
Convert 24131202 (base 5) to base 7.
1621564
111011000021 (base 3) to base 11
167495
13054513 (base 7) to base 6
41301454
Convert -200223 (base 10) to base 14.
-52d79
Convert 110232 (base 7) to base 3.
222111220
Convert -41452416 (base 7) to base 14.
-66c80d
-40001535 (base 6) to base 2
-100010001011110100011
Convert -2303341422 (base 5) to base 14.
-97a1a8
-55541 (base 8) to base 14
-874d
What is 113915 (base 10) in base 6?
2235215
696a5 (base 14) to base 6
5255321
What is -4350145 (base 6) in base 11?
-138726
117998 (base 12) to base 7
2256203
23613 (base 13) to base 9
107726
Convert 23032313 (base 5) to base 15.
40c8d
99187 (base 14) to base 13
cc9a8
What is 41002037 (base 8) in base 7?
133352633
Convert 8e19 (base 16) to base 10.
36377
What 